ousands digit of 152921741?
2
What is the ten millions digit of 29067268?
2
What is the thousands digit of 6795244121?
4
What is the millions digit of 4928715707?
8
What is the ten thousands digit of 3367002?
6
What is the ten millions digit of 4269714497?
6
What is the hundred thousands digit of 17788680?
7
What is the thousands digit of 836616109?
6
What is the tens digit of 6595568?
6
What is the millions digit of 72874714?
2
What is the tens digit of 6483314138?
3
What is the hundred thousands digit of 2570286307?
2
What is the hundreds digit of 28281433?
4
What is the millions digit of 5125814794?
5
What is the hundred millions digit of 239811756?
2
What is the units digit of 34249801?
1
What is the tens digit of 1573684714?
1
What is the millions digit of 24463744?
4
What is the tens digit of 1200319329?
2
What is the tens digit of 1266924695?
9
What is the ten millions digit of 4916511761?
1
What is the ten millions digit of 1760610903?
6
What is the units digit of 1660222603?
3
What is the millions digit of 348646732?
8
What is the ten millions digit of 241453386?
4
What is the millions digit of 895345867?
5
What is the units digit of 4510359461?
1
What is the ten millions digit of 260761078?
6
What is the hundreds digit of 230697746?
7
What is the ten millions digit of 83922223?
8
What is the ten millions digit of 496431711?
9
What is the hundred millions digit of 1431757057?
4
What is the millions digit of 88606830?
8
What is the millions digit of 23212186?
3
What is the millions digit of 135522435?
5
What is the millions digit of 55762249?
5
What is the thousands digit of 52660342?
0
What is the millions digit of 225599472?
5
What is the hundred thousands digit of 808061221?
0
What is the units digit of 673005434?
4
What is the hundred thousands digit of 2621641988?
6
What is the hundred thousands digit of 50510501?
5
What is the hundred millions digit of 295242117?
2
What is the hundred millions digit of 137879449?
1
What is the hundred thousands digit of 24993550?
9
What is the ten thousands digit of 1403712017?
1
What is the units digit of 20216606?
6
What is the units digit of 220535948?
8
What is the ten millions digit of 1980802847?
8
What is the ten thousands digit of 30084710?
8
What is the ten thousands digit of 100074444?
7
What is the hundred millions digit of 2030004511?
0
What is the hundreds digit of 820956996?
9
What is the millions digit of 352931620?
2
What is the units digit of 2026192809?
9
What is the tens digit of 2509272442?
4
What is the millions digit of 297237258?
7
What is the ten thousands digit of 28867917?
6
What is the millions digit of 108472759?
8
What is the tens digit of 24367017?
1
What is the thousands digit of 595685?
5
What is the ten thousands digit of 135529496?
2
What is the ten millions digit of 562317149?
6
What is the hundreds digit of 95142647?
6
What is the hundred millions digit of 112146793?
1
What is the hundreds digit of 318438319?
3
What is the ten millions digit of 191447285?
9
What is the units digit of 44396807?
7
What is the hundreds digit of 228143936?
9
What is the millions digit of 74251158?
4
What is the hundreds digit of 6505921340?
3
What is the hundreds digit of 395406665?
6
What is the units digit of 715955130?
0
What is the hundred thousands digit of 379560467?
5
What is the thousands digit of 30050697?
0
What is the units digit of 2947668040?
0
What is the ten thousands digit of 1435869898?
6
What is the millions digit of 231505849?
1
What is the units digit of 218750256?
6
What is the hundred thousands digit of 1534559053?
5
What is the ten millions digit of 2983536907?
8
What is the hundreds digit of 8997713?
7
What is the millions digit of 1596929209?
6
What is the hundreds digit of 152861496?
4
What is the hundreds digit of 21571252?
2
What is the tens digit of 746845004?
0
What is the hundreds digit of 4784871415?
4
What is the hundred thousands digit of 388558411?
5
What is the millions digit of 171720324?
1
What is the units digit of 251762385?
5
What is the hundreds digit of 3351352320?
3
What is the hundreds digit of 21688653?
6
What is the ten millions digit of 261148060?
6
What is the billions digit of 3410508324?
3
What is the hundred thousands digit of 769141995?
1
What is the hundred thousands digit of 1251899164?
8
What is the hundred thousands digit of 5494668403?
6
What is the tens digit of 21100811?
1
What is the hundred thousands digit of 61450654?
4
What is the ten millions digit of 254922822?
5
What is the ten millions digit of 39269311?
3
What is the millions digit of 9593805?
9
What is the thousands digit of 2979009720?
9
What is the millions digit of 148832677?
8
What is the thousands digit of 525091670?
1
What is the hundreds digit of 19493409?
4
What is the billions digit of 5130548708?
5
What is the units digit of 46177544?
4
What is the millions digit of 77957560?
7
What is the ten millions digit of 506672489?
0
What is the ten thousands digit of 2285812637?
1
What is the hundred millions digit of 555960315?
5
What is the thousands digit of 135821159?
1
What is the hundred thousands digit of 5909417?
9
What is the hundred thousands digit of 68333047?
3
What is the hundred thousands digit of 210264859?
2
What is the ten millions digit of 517585851?
1
What is the millions digit of 626233112?
6
What is the millions digit of 467712023?
7
What is the ten millions digit of 40721487?
4
What is the ten millions digit of 58328324?
5
What is the tens digit of 1929821726?
2
What is the millions digit of 2881784508?
1
What is the ten millions digit of 77726707?
7
What is the thousands digit of 398804857?
4
What is the hundred thousands digit of 85728732?
7
What is the ten millions digit of 1210981655?
1
What is the units digit of 182320154?
4
What is the units digit of 10680482?
2
What is the hundred millions digit of 137786091?
1
What is the tens digit of 183091383?
8
What is the units digit of 67549403?
3
What is the ten thousands digit of 427944798?
4
What is the hundred thousands digit of 52672880?
6
What is the hundred thousands digit of 3584358792?
3
What is the hundred thousands digit of 1427566638?
5
What is the hundreds digit of 2252694298?
2
What is the hundreds digit of 2793524117?
1
What is the units digit of 229107106?
6
What is the thousands digit of 7082238?
2
What is the hundreds digit of 46749812?
8
What is the ten thousands digit of 355971795?
7
What is the hundred thousands digit of 858918953?
9
What is the thousands digit of 4895114030?
4
What is the tens digit of 76285943?
4
What is the hundred millions digit of 111001526?
1
What is the millions digit of 372051461?
2
What is the hundreds digit of 1232410600?
6
What is the ten millions digit of 91523199?
9
What is the hundreds digit of 2018307141?
1
What is the hundreds digit of 47735752?
7
What is the hundred thousands digit of 208245061?
2
What is the tens digit of 177070465?
6
What is the millions digit of 189758584?
9
What is the hundred millions digit of 102612401?
1
What is the ten thousands digit of 2291242?
9
What is the millions digit of 6286218?
6
What is the hundred millions digit of 2893693145?
8
What is the hundreds digit of 88061511?
5
What is the units digit of 14726991?
1
What is the tens digit of 1468599197?
9
What is the thousands digit of 7420583939?
3
What is the thousands digit of 1550403602?
3
What is the ten millions digit of 10956333?
1
What is the millions digit of 2678560451?
8
What is the hundreds digit of 1857467956?
9
What is the ten thousands digit of 47354194?
5
What is the ten thousands digit of 298988889?
8
What is the hundred thousands digit of 783904288?
9
What is the units digit of 190832429?
9
What is the ten millions digit of 66320039?
6
What is the thousands digit of 2476340513?
0
What is the thousands digit of 14635242?
5
What is the units digit of 32496521?
1
What is the hundred thousands digit of 5784362?
7
What is the hundred millions digit of 219657204?
2
What is the units digit of 177250068?
8
What is the thousands digit of 145245947?
5
What is the millions digit of 9618421?
9
What is the units digit of 160169132?
2
What is the millions digit of 77223803?
7
What is the units digit of 111055756?
6
What is the hundred thousands digit of